 7272639?
False
Does 176 divide 23194946?
False
Is 98 a factor of 228932?
False
Is 715890 a multiple of 21?
True
Is 80 a factor of 4650168?
False
Is 517940 a multiple of 116?
True
Is 230 a factor of 312695?
False
Does 19 divide 67461?
False
Is 181544 a multiple of 41?
False
Is 33 a factor of 177664?
False
Is 120645 a multiple of 273?
False
Is 203925 a multiple of 387?
False
Does 153 divide 8312796?
True
Is 7254255 a multiple of 5?
True
Is 6056940 a multiple of 71?
False
Does 11 divide 8358867?
True
Is 15 a factor of 518760?
True
Is 16 a factor of 12698176?
True
Does 18 divide 113291?
False
Is 16 a factor of 1985897?
False
Does 61 divide 92354?
True
Is 7 a factor of 1017086?
True
Does 396 divide 1370040?
False
Does 98 divide 4396665?
False
Does 45 divide 148871?
False
Is 1828315 a multiple of 11?
False
Does 437 divide 1796507?
True
Is 4408778 a multiple of 506?
True
Does 9 divide 1050705?
True
Is 3 a factor of 27486?
True
Does 3 divide 2046?
True
Is 243780 a multiple of 255?
True
Is 31 a factor of 48236?
True
Does 29 divide 1472098?
True
Is 155 a factor of 740900?
True
Is 111 a factor of 534841?
False
Is 486282 a multiple of 29?
False
Is 1264218 a multiple of 243?
False
Is 1795458 a multiple of 42?
True
Does 10 divide 4052085?
False
Is 467103 a multiple of 29?
True
Is 54 a factor of 1357739?
False
Is 417088 a multiple of 133?
True
Is 13 a factor of 1728750?
False
Is 649417 a multiple of 17?
True
Is 1460744 a multiple of 8?
True
Is 67 a factor of 784369?
True
Is 1218 a factor of 755801?
False
Is 126 a factor of 127008?
True
Is 164422 a multiple of 229?
True
Is 533 a factor of 1132877?
False
Is 19 a factor of 487597?
True
Does 10 divide 220230?
True
Is 6 a factor of 4947186?
True
Is 144907 a multiple of 21?
False
Is 61200 a multiple of 340?
True
Is 3379432 a multiple of 296?
True
Is 296815 a multiple of 145?
True
Does 5 divide 364460?
True
Does 638 divide 1209010?
True
Is 12319090 a multiple of 245?
True
Is 2321198 a multiple of 454?
False
Is 17 a factor of 282351?
False
Is 20 a factor of 85140?
True
Is 2246743 a multiple of 73?
False
Is 877866 a multiple of 33?
True
Is 501 a factor of 740631?
False
Does 57 divide 173736?
True
Is 11 a factor of 7777143?
True
Does 14 divide 14448?
True
Is 6 a factor of 9044202?
True
Is 2328874 a multiple of 42?
False
Is 203 a factor of 103124?
True
Is 703605 a multiple of 79?
False
Does 3 divide 669397?
False
Is 8 a factor of 1483234?
False
Is 118 a factor of 448990?
True
Is 6 a factor of 177829?
False
Does 166 divide 1087632?
True
Is 17 a factor of 245973?
True
Is 3 a factor of 245993?
False
Is 732523 a multiple of 2?
False
Does 36 divide 58392?
True
Does 37 divide 100359?
False
Does 4 divide 2124468?
True
Is 89420 a multiple of 4?
True
Is 62660 a multiple of 482?
True
Is 29 a factor of 200390?
True
Is 213 a factor of 27587121?
True
Does 14 divide 6326?
False
Does 25 divide 20149?
False
Does 56 divide 4585784?
True
Does 146 divide 3914772?
False
Is 94 a factor of 245825?
False
Is 938121 a multiple of 35?
False
Is 19824 a multiple of 118?
True
Is 122636 a multiple of 1426?
True
Is 619668 a multiple of 21?
True
Does 739 divide 8685467?
True
Is 2002052 a multiple of 26?
True
Does 91 divide 211962?
False
Does 63 divide 24948?
True
Does 28 divide 366940?
True
Is 941 a factor of 147396?
False
Does 13 divide 3579650?
False
Does 15 divide 57810?
True
Is 241314 a multiple of 222?
True
Is 233 a factor of 24105947?
True
Does 296 divide 285640?
True
Is 23 a factor of 3204498?
True
Is 43972 a multiple of 204?
False
Is 95 a factor of 1627920?
True
Is 16 a factor of 8440112?
True
Is 83 a factor of 1167426?
False
Is 196264 a multiple of 13?
False
Is 293873 a multiple of 43?
False
Is 900531 a multiple of 131?
False
Does 482 divide 67480?
True
Is 357 a factor of 337984?
False
Does 13 divide 996079?
False
Is 2746042 a multiple of 464?
False
Is 173619 a multiple of 101?
True
Is 1676 a factor of 2369864?
True
Does 10 divide 132613?
False
Is 707001 a multiple of 509?
True
Is 53181 a multiple of 57?
True
Is 993 a factor of 4886911?
False
Is 2657772 a multiple of 117?
True
Is 7 a factor of 226728?
False
Is 22792 a multiple of 22?
True
Is 888 a factor of 2619365?
False
Is 22 a factor of 4250010?
False
Is 126 a factor of 200885?
False
Is 339 a factor of 1995405?
False
Is 701676 a multiple of 113?
False
Is 290598 a multiple of 17?
True
Is 162 a factor of 394487?
False
Is 1678053 a multiple of 108?
False
Is 160908 a multiple of 46?
True
Does 10 divide 146850?
True
Is 80516 a multiple of 35?
False
Is 115 a factor of 549914?
False
Is 454 a factor of 90346?
True
Does 501 divide 21990894?
True
Does 48 divide 1701470?
False
Does 31 divide 3035644?
True
Does 18 divide 317754?
True
Is 1504844 a multiple of 618?
False
Does 184 divide 22757?
False
Does 8 divide 6708992?
True
Is 87 a factor of 992409?
True
Does 32 divide 445472?
True
Does 463 divide 1683783?
False
Does 245 divide 140630?
True
Is 177 a factor of 386811?
False
Does 280 divide 97763?
False
Is 657 a factor of 536112?
True
Is 406440 a multiple of 10?
True
Is 5656862 a multiple of 13?
False
Is 5 a factor of 111671?
False
Does 16 divide 6991?
False
Does 148 divide 1669145?
False
Does 2 divide 394448?
True
Does 93 divide 3783361?
False
Is 70 a factor of 10226139?
False
Is 4 a factor of 6886?
False
Is 22 a factor of 2858482?
True
Does 27 divide 425091?
False
Does 35 divide 123854?
False
Is 17 a factor of 1269050?
True
Does 2 divide 363582?
True
Is 17 a factor of 845346?
False
Does 19 divide 12266255?
False
Does 153 divide 70912?
False
Is 412 a factor of 8592310?
False
Is 11 a factor of 348524?
True
Is 1437246 a multiple of 4?
False
Is 6 a factor of 9084890?
False
Is 3563862 a multiple of 4?
False
Is 120932 a multiple of 12?
False
Is 64080 a multiple of 6?
True
Is 290 a factor of 5448230?
True
Is 35821 a multiple of 42?
False
Does 584 divide 1214745?
False
Does 19 divide 2392994?
False
Is 18937 a multiple of 8?
False
Is 21 a factor of 52668?
True
Is 76032 a multiple of 96?
True
Is 9 a factor of 292095?
True
Is 16 a factor of 88847?
False
Does 69 divide 124338?
True
Is 876138 a multiple of 29?
False
Does 14 divide 154728?
True
Is 402149 a multiple of 21?
False
Is 16 a factor of 5517520?
True
Is 502959 a multiple of 44?
False
Is 88128 a multiple of 144?
True
Does 402 divide 497274?
True
Does 323 divide 200906?
True
Does 18 divide 72326?
False
Is 79 a factor of 921155?
False
Is 1677 a factor of 2238798?
False
Does 102 divide 3471301?
False
Is 703866 a multiple of 12?
False
Is 16117 a multiple of 5?
False
Is 113 a factor of 4309481?
True
Is 63 a factor of 148869?
True
Is 494024 a multiple of 16?
False
Is 61 a factor of 823166?
False
Is 1160155 a multiple of 13?
False
Is 14 a factor of 1140932?
False
Is 85150 a multiple of 130?
True
Is 23 a factor of 186924?
False
Is 163201 a multiple of 12?
False
Is 52173 a multiple of 187?
True
Is 606 a factor of 147295?
False
Is 365046 a multiple of 22?
True
Does 165 divide 60060?
True
Does 255 divide 450075?
True
Does 61 divide 164538?
False
Does 140 divide 4585420?
True
Does 28 divide 194098?
False
Is 59 a factor of 223450?
False
Is 1536 a factor of 9933864?
False
Does 31 divide 24614?
True
Is 305190 a multiple of 10?
True
Does 13 divide 157378?
True
Is 757 a factor of 1913696?
True
Is 8 a factor of 354589?
False
Does 244 divide 5553630?
False
Does 200 divide 372653?
False
Is 168 a factor of 141547?
False
Does 13 divide 140305?
False
Does 76 divide 809324?
True
Is 2 a factor of 405865?
False
Is 13654824 a multiple of 24?
True
Does 53 divide 2569281?
True
Does 6 divide 25164?
True
Is 68518 a multiple of 7?
False
Is 1890196 a multiple of 1007?
False
Is 64 a factor of 372672?
True
Is 29 a factor of 177190?
True
Does 47 divide 149480?
False
Is 168 a factor of 885192?
True
Is 1194678 a multiple of 186?
True
Is 133917 a multiple of 13?
False
Is 190798 a multiple of 38?
True
Does 88 divide 72446?
False
Is 2532783 a multiple of 213?
True
Does 30 divide 12245?
False
Does 88 divide 237143?
False
Is 131134 a multiple of 173?
True
Is 13 a factor of 114493?
False
Is 4 a factor of 5156?
True
Is 2596916 a multiple of 28?
True
Does 73 divide 44318?
False
Is 543 a factor of 29865?
True
Does 43 divide 161508?
True
Does 18 divide 3857652?
True
Does 182 divide 55874?
True
Is